t is the remainder when 1042119 is divided by 43401?
495
What is the remainder when 22933355 is divided by 282?
269
Calculate the remainder when 2753856 is divided by 458973.
18
Calculate the remainder when 8918571 is divided by 330.
321
What is the remainder when 2603557 is divided by 3243?
2671
Calculate the remainder when 981746 is divided by 770.
766
Calculate the remainder when 39269 is divided by 149.
82
What is the remainder when 261340 is divided by 260?
40
Calculate the remainder when 556977 is divided by 503.
156
Calculate the remainder when 724004 is divided by 748.
688
What is the remainder when 197394 is divided by 212?
22
What is the remainder when 618216 is divided by 17114?
2112
What is the remainder when 192815 is divided by 192611?
204
What is the remainder when 3661989 is divided by 18?
15
What is the remainder when 6901816 is divided by 3450905?
6
What is the remainder when 30281572 is divided by 1316589?
25
Calculate the remainder when 15328 is divided by 1532.
8
What is the remainder when 1197367 is divided by 964?
79
What is the remainder when 5093846 is divided by 1697942?
20
What is the remainder when 97197825 is divided by 97197801?
24
Calculate the remainder when 1074853650 is divided by 29.
28
What is the remainder when 152643 is divided by 778?
155
Calculate the remainder when 286843 is divided by 885.
103
Calculate the remainder when 1465550 is divided by 1465536.
14
What is the remainder when 14071911 is divided by 2734?
13
Calculate the remainder when 1080897 is divided by 525.
447
Calculate the remainder when 85619 is divided by 85225.
394
What is the remainder when 2514070 is divided by 228548?
42
Calculate the remainder when 13317049 is divided by 251.
244
Calculate the remainder when 2712627 is divided by 452103.
9
Calculate the remainder when 23107757 is divided by 2210.
2207
Calculate the remainder when 1716083 is divided by 857987.
109
Calculate the remainder when 448297381 is divided by 7.
0
Calculate the remainder when 862998 is divided by 4495.
4453
Calculate the remainder when 157793 is divided by 4156.
4021
Calculate the remainder when 331974 is divided by 110642.
48
What is the remainder when 105660 is divided by 267?
195
What is the remainder when 21643968 is divided by 7214628?
84
Calculate the remainder when 19347942 is divided by 308.
306
Calculate the remainder when 1989088 is divided by 662954.
226
What is the remainder when 15155 is divided by 2710?
1605
Calculate the remainder when 139275 is divided by 2990.
1735
Calculate the remainder when 201660 is divided by 100775.
110
What is the remainder when 139488 is divided by 93?
81
What is the remainder when 2821871 is divided by 141?
38
Calculate the remainder when 254572 is divided by 331.
33
Calculate the remainder when 1535991 is divided by 127998.
15
Calculate the remainder when 101002851 is divided by 1795.
1791
What is the remainder when 6942098 is divided by 217?
51
Calculate the remainder when 357724 is divided by 178601.
522
What is the remainder when 1915695 is divided by 3684?
15
What is the remainder when 55463 is divided by 24255?
6953
What is the remainder when 42444 is divided by 384?
204
Calculate the remainder when 100126 is divided by 8328.
190
Calculate the remainder when 253491 is divided by 84313.
552
Calculate the remainder when 659740 is divided by 18727.
4295
Calculate the remainder when 3779383 is divided by 669.
202
Calculate the remainder when 168024 is divided by 117.
12
Calculate the remainder when 1274216 is divided by 1047.
17
Calculate the remainder when 1293116 is divided by 666.
410
What is the remainder when 9912455 is divided by 14839?
3
Calculate the remainder when 28706114 is divided by 123.
5
Calculate the remainder when 152612 is divided by 75950.
712
Calculate the remainder when 12900537 is divided by 11846.
243
What is the remainder when 2366561 is divided by 2558?
411
Calculate the remainder when 4033875 is divided by 1434.
33
Calculate the remainder when 37869143 is divided by 1612.
39
Calculate the remainder when 1333323 is divided by 615.
3
What is the remainder when 174603 is divided by 140?
23
What is the remainder when 16731052 is divided by 535?
532
What is the remainder when 3075750 is divided by 443?
1
What is the remainder when 1759949 is divided by 114?
17
Calculate the remainder when 29042682 is divided by 3985.
2
What is the remainder when 1001610 is divided by 688?
570
Calculate the remainder when 519258 is divided by 258843.
1572
What is the remainder when 11662025 is divided by 3182?
3177
What is the remainder when 81940 is divided by 26825?
1465
Calculate the remainder when 192708 is divided by 192.
132
Calculate the remainder when 455343 is divided by 113827.
35
Calculate the remainder when 809871 is divided by 5225.
5221
Calculate the remainder when 91414 is divided by 653.
647
Calculate the remainder when 405757 is divided by 2652.
1
What is the remainder when 1162173 is divided by 938?
929
What is the remainder when 171316035 is divided by 9?
0
What is the remainder when 5429415 is divided by 101?
59
What is the remainder when 1240231 is divided by 941?
934
Calculate the remainder when 15509927 is divided by 304116.
11
What is the remainder when 57696 is divided by 19069?
489
Calculate the remainder when 12644246 is divided by 687.
11
Calculate the remainder when 8119071 is divided by 300706.
9
What is the remainder when 66758 is divided by 1156?
866
What is the remainder when 20257789 is divided by 20257776?
13
What is the remainder when 4987448 is divided by 2493384?
680
Calculate the remainder when 1268958 is divided by 50743.
383
What is the remainder when 3831811 is divided by 152?
43
What is the remainder when 13783357 is divided by 1253032?
5
What is the remainder when 43282 is divided by 1182?
730
What is the remainder when 7047545 is divided by 2105?
5
Calculate the remainder when 260293 is divided by 2479.
2477
Calculate the remainder when 21972175 is divided by 129.
121
Calculate the remainder when 3952068 is divided by 101335.
3
What is the remainder when 12513303 is divided by 154485?
18
Calculate the remainder when 4061921 is divided by 169244.
65
What is the remainder when 6308308 is divided by 1980?
28
Calculate the remainder when 267206 is divided by 66782.
78
What is the remainder when 125603 is divided by 125524?
79
What is the remainder when 17904287 is divided by 2984040?
47
What is the remainder when 42461229 is divided by 822?
819
What is the remainder when 223528075 is divided by 170?
5
Calculate the remainder when 1028003 is divided by 119.
81
What is the remainder when 11089944 is divided by 98?
68
What is the remainder when 9426716 is divided by 615?
611
Calculate the remainder when 239263163 is divided by 1876.
1875
What is the remainder when 63644 is divided by 3533?
50
What is the remainder when 10543380 is divided by 1718?
14
What is the remainder when 172783 is divided by 68?
63
What is the remainder when 956703 is divided by 58?
51
What is the remainder when 2880814 is divided by 1440399?
16
What is the remainder when 29096 is divided by 1458?
1394
What is the remainder when 11580 is divided by 2164?
760
What is the remainder when 16912 is divided by 1464?
808
Calculate the remainder when 6395613 is divided by 1279112.
53
What is the remainder when 2441687 is divided by 100?
87
Calculate the remainder when 5841331 is divided by 261.
151
What is the remainder when 134384 is divided by 8619?
5099
What is the remainder when 3110213 is divided by 3104?
5
Calculate the remainder when 2128705485 is divided by 12456.
12453
What is the remainder when 164823436 is divided by 3?
1
What is the remainder when 379881 is divided by 335?
326
What is the remainder when 229514 is divided by 129?
23
What is the remainder when 7321223 is divided by 837?
821
What is the remainder when 33646906 is divided by 209?
205
What is the remainder when 189772 is divided by 1607?
146
Calculate the remainder when 23246 is divided by 1670.
1536
What is the remainder when 6099693 is divided by 1524800?
493
What is the remainder when 1006273 is divided by 4529?
835
What is the remainder when 3375 is divided by 3120?
255
What is the remainder when 345560 is divided by 2329?
868
C